{"id":9773,"date":"2019-05-10T09:40:11","date_gmt":"2019-05-10T12:40:11","guid":{"rendered":"https:\/\/www.hospitaldelinares.gob.cl\/?page_id=9773"},"modified":"2020-11-23T12:46:09","modified_gmt":"2020-11-23T15:46:09","slug":"comite-de-etica-asistencial-hospital-de-linares","status":"publish","type":"page","link":"https:\/\/www.hospitaldelinares.gob.cl\/?page_id=9773","title":{"rendered":"Comit\u00e9 de \u00c9tica Asistencial Hospital de Linares"},"content":{"rendered":"<p><img loading=\"lazy\" decoding=\"async\" class=\"aligncenter wp-image-9777\" src=\"\/hoslina\/wp-content\/uploads\/2019\/05\/Captura-407x320.png\" alt=\"Captura\" width=\"284\" height=\"223\" srcset=\"https:\/\/www.hospitaldelinares.gob.cl\/wp-content\/uploads\/2019\/05\/Captura-407x320.png 407w, https:\/\/www.hospitaldelinares.gob.cl\/wp-content\/uploads\/2019\/05\/Captura-768x604.png 768w, https:\/\/www.hospitaldelinares.gob.cl\/wp-content\/uploads\/2019\/05\/Captura.png 810w\" sizes=\"auto, (max-width: 284px) 100vw, 284px\" \/><\/p>\n<p>&nbsp;<\/p>\n<h3>Bienvenidos a la secci\u00f3n del Comite de \u00c9tica Asistencial del Hospital de Linares.<\/h3>\n<h3>En esta secci\u00f3n puede encontrar archivos relevantes de nuestro Comite.<\/h3>\n<p>&nbsp;<\/p>\n<p>&nbsp;<\/p>\n<ul>\n<li>\n<pre>-\u00a0<a href=\"\/hoslina\/wp-content\/uploads\/2019\/05\/CEA_HBL_2019.pdf\">DESCRIPCI\u00d3N COMIT\u00c9 DE \u00c9TICA ASISTENCIAL HOSPITAL DE LINARES<\/a><\/pre>\n<\/li>\n<li>\n<pre>-\u00a0<a href=\"\/hoslina\/wp-content\/uploads\/2019\/05\/FORMULARIO-DE-PRESENTACI\u00d3N-DE-CASOS.docx\">FORMULARIO DE PRESENTACI\u00d3N DE CASOS HOSPITAL DE LINARES<\/a><\/pre>\n<\/li>\n<\/ul>\n<p>&nbsp;<\/p>\n<p>&nbsp;<\/p>\n","protected":false},"excerpt":{"rendered":"<p>&nbsp; Bienvenidos a la secci\u00f3n del Comite de \u00c9tica Asistencial del Hospital de Linares. En esta secci\u00f3n puede encontrar archivos relevantes de nuestro Comite. &nbsp; &nbsp; &#8211;\u00a0DESCRIPCI\u00d3N COMIT\u00c9 DE \u00c9TICA ASISTENCIAL HOSPITAL DE LINARES &#8211;\u00a0FORMULARIO [&hellip;]<\/p>\n","protected":false},"author":2,"featured_media":9777,"parent":0,"menu_order":0,"comment_status":"closed","ping_status":"closed","template":"","meta":{"footnotes":""},"class_list":["post-9773","page","type-page","status-publish","hentry"],"_links":{"self":[{"href":"https:\/\/www.hospitaldelinares.gob.cl\/index.php?rest_route=\/wp\/v2\/pages\/9773","targetHints":{"allow":["GET"]}}],"collection":[{"href":"https:\/\/www.hospitaldelinares.gob.cl\/index.php?rest_route=\/wp\/v2\/pages"}],"about":[{"href":"https:\/\/www.hospitaldelinares.gob.cl\/index.php?rest_route=\/wp\/v2\/types\/page"}],"author":[{"embeddable":true,"href":"https:\/\/www.hospitaldelinares.gob.cl\/index.php?rest_route=\/wp\/v2\/users\/2"}],"replies":[{"embeddable":true,"href":"https:\/\/www.hospitaldelinares.gob.cl\/index.php?rest_route=%2Fwp%2Fv2%2Fcomments&post=9773"}],"version-history":[{"count":9,"href":"https:\/\/www.hospitaldelinares.gob.cl\/index.php?rest_route=\/wp\/v2\/pages\/9773\/revisions"}],"predecessor-version":[{"id":10532,"href":"https:\/\/www.hospitaldelinares.gob.cl\/index.php?rest_route=\/wp\/v2\/pages\/9773\/revisions\/10532"}],"wp:featuredmedia":[{"embeddable":true,"href":"https:\/\/www.hospitaldelinares.gob.cl\/index.php?rest_route=\/wp\/v2\/media\/9777"}],"wp:attachment":[{"href":"https:\/\/www.hospitaldelinares.gob.cl\/index.php?rest_route=%2Fwp%2Fv2%2Fmedia&parent=9773"}],"curies":[{"name":"wp","href":"https:\/\/api.w.org\/{rel}","templated":true}]}}