{"id":8327,"date":"2017-05-04T09:29:21","date_gmt":"2017-05-04T12:29:21","guid":{"rendered":"https:\/\/www.hospitaldelinares.gob.cl\/?page_id=8327"},"modified":"2024-04-22T09:58:25","modified_gmt":"2024-04-22T13:58:25","slug":"trabaje-con-nosotros-new","status":"publish","type":"page","link":"https:\/\/www.hospitaldelinares.gob.cl\/?page_id=8327","title":{"rendered":"Trabaje con Nosotros"},"content":{"rendered":"<p>En esta secci\u00f3n usted podr\u00e1 acceder a los concursos p\u00fablicos del Hospital de Linares, as\u00ed como tambi\u00e9n al historial de concursos ya finalizados.<\/p>\n<p>En \u201cConcursos Activos\u201d se encuentran los cargos disponibles con sus bases correspondientes en donde puede informarse respecto a la postulaci\u00f3n (requisitos, fechas y fases del proceso). Las personas interesadas deben completar el \u00abFormato de Curriculum Vitae\u00bb que puede descargar aqu\u00ed, no se considerar\u00e1n aquellos Curriculums en otros formatos.<\/p>\n<p>En \u201cConcursos Finalizados\u201d se encuentran todos aquellos concursos cerrados con sus respectivos resultados.<\/p>\n<p>Quienes deseen ingresar a la base de datos del hospital para un eventual reemplazo deben enviar sus antecedentes a <a href=\"mailto:cvpostulaciones.hbl@gmail.com\" target=\"_blank\" rel=\"noopener noreferrer\">cvpostulaciones.hbl@gmail.com<\/a><\/p>\n<p>&nbsp;<\/p>\n<p><a href=\"\/wp-content\/uploads\/2024\/04\/Guia-de-postulacion-1.pdf\" target=\"_blank\" rel=\"noopener\"><img loading=\"lazy\" decoding=\"async\" class=\"aligncenter wp-image-13419\" src=\"\/wp-content\/uploads\/2024\/04\/Guia-de-Postulacion-720x244.jpg\" rel=\"lightbox\" title=\"Trabaje con Nosotros\" alt=\"\" width=\"399\" height=\"135\" srcset=\"https:\/\/www.hospitaldelinares.gob.cl\/wp-content\/uploads\/2024\/04\/Guia-de-Postulacion-720x244.jpg 720w, https:\/\/www.hospitaldelinares.gob.cl\/wp-content\/uploads\/2024\/04\/Guia-de-Postulacion-768x260.jpg 768w, https:\/\/www.hospitaldelinares.gob.cl\/wp-content\/uploads\/2024\/04\/Guia-de-Postulacion-1536x520.jpg 1536w, https:\/\/www.hospitaldelinares.gob.cl\/wp-content\/uploads\/2024\/04\/Guia-de-Postulacion-2048x694.jpg 2048w\" sizes=\"auto, (max-width: 399px) 100vw, 399px\" \/><\/a><\/p>\n<p><a href=\"https:\/\/www.empleospublicos.cl\/\" target=\"_blank\" rel=\"noopener noreferrer\"><img loading=\"lazy\" decoding=\"async\" class=\"aligncenter wp-image-8328\" title=\"Vea los Concursos Activos del Hospital de Linares\" src=\"\/hoslina\/wp-content\/uploads\/2017\/05\/Concursos-Activos-720x244.jpg\" rel=\"lightbox\" title=\"Trabaje con Nosotros\" alt=\"Concursos Activos\" width=\"400\" height=\"136\" srcset=\"https:\/\/www.hospitaldelinares.gob.cl\/wp-content\/uploads\/2017\/05\/Concursos-Activos-720x244.jpg 720w, https:\/\/www.hospitaldelinares.gob.cl\/wp-content\/uploads\/2017\/05\/Concursos-Activos-768x260.jpg 768w\" sizes=\"auto, (max-width: 400px) 100vw, 400px\" \/><\/a><\/p>\n<p><a href=\"https:\/\/www.hospitaldelinares.gob.cl\/?cat=69\"><img loading=\"lazy\" decoding=\"async\" class=\"aligncenter wp-image-8329\" title=\"Vea el Historico de Concursos del Hospital de Linares\" src=\"\/hoslina\/wp-content\/uploads\/2017\/05\/Concursos-Finalizados-720x244.jpg\" rel=\"lightbox\" title=\"Trabaje con Nosotros\" alt=\"Concursos Finalizados\" width=\"400\" height=\"136\" srcset=\"https:\/\/www.hospitaldelinares.gob.cl\/wp-content\/uploads\/2017\/05\/Concursos-Finalizados-720x244.jpg 720w, https:\/\/www.hospitaldelinares.gob.cl\/wp-content\/uploads\/2017\/05\/Concursos-Finalizados-768x260.jpg 768w\" sizes=\"auto, (max-width: 400px) 100vw, 400px\" \/><\/a><\/p>\n<p><a href=\"https:\/\/www.hospitaldelinares.gob.cl\/wp-content\/uploads\/2014\/03\/Formato-C.V.-Hospital-de-Linares8.doc\"><img loading=\"lazy\" decoding=\"async\" class=\"aligncenter wp-image-8330\" title=\"Descargue aqui el formato de C.V. del Hospital de Linares\" src=\"\/hoslina\/wp-content\/uploads\/2017\/05\/Formato-CV-720x244.jpg\" rel=\"lightbox\" title=\"Trabaje con Nosotros\" alt=\"Formato CV\" width=\"400\" height=\"136\" srcset=\"https:\/\/www.hospitaldelinares.gob.cl\/wp-content\/uploads\/2017\/05\/Formato-CV-720x244.jpg 720w, https:\/\/www.hospitaldelinares.gob.cl\/wp-content\/uploads\/2017\/05\/Formato-CV-768x260.jpg 768w\" sizes=\"auto, (max-width: 400px) 100vw, 400px\" \/><\/a><\/p>\n","protected":false},"excerpt":{"rendered":"<p>En esta secci\u00f3n usted podr\u00e1 acceder a los concursos p\u00fablicos del Hospital de Linares, as\u00ed como tambi\u00e9n al historial de concursos ya finalizados. En \u201cConcursos Activos\u201d se encuentran los cargos disponibles con sus bases correspondientes [&hellip;]<\/p>\n","protected":false},"author":2,"featured_media":8328,"parent":0,"menu_order":0,"comment_status":"closed","ping_status":"closed","template":"","meta":{"footnotes":""},"class_list":["post-8327","page","type-page","status-publish","hentry"],"_links":{"self":[{"href":"https:\/\/www.hospitaldelinares.gob.cl\/index.php?rest_route=\/wp\/v2\/pages\/8327","targetHints":{"allow":["GET"]}}],"collection":[{"href":"https:\/\/www.hospitaldelinares.gob.cl\/index.php?rest_route=\/wp\/v2\/pages"}],"about":[{"href":"https:\/\/www.hospitaldelinares.gob.cl\/index.php?rest_route=\/wp\/v2\/types\/page"}],"author":[{"embeddable":true,"href":"https:\/\/www.hospitaldelinares.gob.cl\/index.php?rest_route=\/wp\/v2\/users\/2"}],"replies":[{"embeddable":true,"href":"https:\/\/www.hospitaldelinares.gob.cl\/index.php?rest_route=%2Fwp%2Fv2%2Fcomments&post=8327"}],"version-history":[{"count":13,"href":"https:\/\/www.hospitaldelinares.gob.cl\/index.php?rest_route=\/wp\/v2\/pages\/8327\/revisions"}],"predecessor-version":[{"id":13422,"href":"https:\/\/www.hospitaldelinares.gob.cl\/index.php?rest_route=\/wp\/v2\/pages\/8327\/revisions\/13422"}],"wp:featuredmedia":[{"embeddable":true,"href":"https:\/\/www.hospitaldelinares.gob.cl\/index.php?rest_route=\/wp\/v2\/media\/8328"}],"wp:attachment":[{"href":"https:\/\/www.hospitaldelinares.gob.cl\/index.php?rest_route=%2Fwp%2Fv2%2Fmedia&parent=8327"}],"curies":[{"name":"wp","href":"https:\/\/api.w.org\/{rel}","templated":true}]}}