{"id":60,"date":"2012-10-16T19:41:06","date_gmt":"2012-10-16T19:41:06","guid":{"rendered":"https:\/\/www.hospitaldelinares.gob.cl\/?page_id=60"},"modified":"2013-12-26T09:22:29","modified_gmt":"2013-12-26T12:22:29","slug":"oirs","status":"publish","type":"page","link":"https:\/\/www.hospitaldelinares.gob.cl\/?page_id=60","title":{"rendered":"OIRS"},"content":{"rendered":"<p>La OIRS (Oficina de Informaciones, Reclamos y Sugerencias), es una instancia creada para contribuir al mejoramiento de la atenci\u00f3n de los usuarios del Hospital de Linares, brind\u00e1ndoles una oportuna informaci\u00f3n y orientaci\u00f3n.<\/p>\n<h3><strong>Prop\u00f3sito de la OIRS:<\/strong><\/h3>\n<p><strong><\/strong>Contribuir al mejoramiento de la atenci\u00f3n de los usuarios en los establecimientos de salud facilitando el acceso de la poblaci\u00f3n a la informaci\u00f3n sobre el funcionamiento y servicios otorgados por el sistema de salud y otros \u00f3rganismos, servicios o empresas del Estado relacionadas con las prestaciones de salud.<\/p>\n<h3><strong>Funciones de la OIRS:<\/strong><\/h3>\n<p>Entregar informaci\u00f3n y resolver consultas sobre el funcionamiento y servicios otorgados por el establecimiento. Orientar y apoyar al usuario cuando presente dificultades para realizar tr\u00e1mites como llenado de formularios y\/o presentaci\u00f3n de documentos, teniendo una especial preocupaci\u00f3n en apoyar en sus tr\u00e1mites a personas discapacitadas y adultos mayores. Entrega de material informativo y educativo. Recibir y responder los reclamos que presten los usuarios con respecto a deficiencias, abusos, omisiones o cualquier otra irregularidad de que hayan sido objeto por el establecimiento, por otros establecimientos de la red o por alg\u00fan funcionario. Recibir sugerencias y felicitaciones que formulen los usuarios.<\/p>\n<p style=\"text-align: center;\"><a title=\"Tramite en L\u00ednea\" href=\"http:\/\/oirs.minsal.cl\/\" target=\"_blank\"><span style=\"font-size: medium;\"><span style=\"line-height: normal;\">Para acceder a Sistema Tramite en Linea pinche aqu\u00ed<\/span><\/span><\/a><\/p>\n","protected":false},"excerpt":{"rendered":"<p>La OIRS (Oficina de Informaciones, Reclamos y Sugerencias), es una instancia creada para contribuir al mejoramiento de la atenci\u00f3n de los usuarios del Hospital de Linares, brind\u00e1ndoles una oportuna informaci\u00f3n y orientaci\u00f3n. Prop\u00f3sito de la [&hellip;]<\/p>\n","protected":false},"author":2,"featured_media":0,"parent":0,"menu_order":0,"comment_status":"open","ping_status":"open","template":"","meta":{"footnotes":""},"class_list":["post-60","page","type-page","status-publish","hentry"],"_links":{"self":[{"href":"https:\/\/www.hospitaldelinares.gob.cl\/index.php?rest_route=\/wp\/v2\/pages\/60","targetHints":{"allow":["GET"]}}],"collection":[{"href":"https:\/\/www.hospitaldelinares.gob.cl\/index.php?rest_route=\/wp\/v2\/pages"}],"about":[{"href":"https:\/\/www.hospitaldelinares.gob.cl\/index.php?rest_route=\/wp\/v2\/types\/page"}],"author":[{"embeddable":true,"href":"https:\/\/www.hospitaldelinares.gob.cl\/index.php?rest_route=\/wp\/v2\/users\/2"}],"replies":[{"embeddable":true,"href":"https:\/\/www.hospitaldelinares.gob.cl\/index.php?rest_route=%2Fwp%2Fv2%2Fcomments&post=60"}],"version-history":[{"count":9,"href":"https:\/\/www.hospitaldelinares.gob.cl\/index.php?rest_route=\/wp\/v2\/pages\/60\/revisions"}],"predecessor-version":[{"id":3107,"href":"https:\/\/www.hospitaldelinares.gob.cl\/index.php?rest_route=\/wp\/v2\/pages\/60\/revisions\/3107"}],"wp:attachment":[{"href":"https:\/\/www.hospitaldelinares.gob.cl\/index.php?rest_route=%2Fwp%2Fv2%2Fmedia&parent=60"}],"curies":[{"name":"wp","href":"https:\/\/api.w.org\/{rel}","templated":true}]}}