{"id":28,"date":"2012-10-16T18:35:26","date_gmt":"2012-10-16T18:35:26","guid":{"rendered":"https:\/\/www.hospitaldelinares.gob.cl\/?page_id=28"},"modified":"2014-03-21T10:24:40","modified_gmt":"2014-03-21T13:24:40","slug":"requisitos-para-ser-donante-de-sangre","status":"publish","type":"page","link":"https:\/\/www.hospitaldelinares.gob.cl\/?page_id=28","title":{"rendered":"Requisitos para ser Donante de Sangre"},"content":{"rendered":"<p>Para ser donante usted necesita:<\/p>\n<ul>\n<li>&#8211; Portar documento de identidad.<\/li>\n<li>&#8211; Tener entre 18 y 60 a\u00f1os de edad. (Hasta los 65 a\u00f1os, si has donado en varias oportunidades de tu vida).<\/li>\n<li>&#8211; Pesar m\u00e1s de 50 Kg.<\/li>\n<li>&#8211; Tener buena salud.<\/li>\n<li>&#8211; Mantener una conducta sexual responsable.<\/li>\n<li>&#8211; No padecer enfermedades cr\u00f3nicas.<\/li>\n<li>&#8211; No estar en ayunas.<\/li>\n<\/ul>\n<p>Cuando dones sangre debes saber:<\/p>\n<ul>\n<li>&#8211; Primero se debe realizar un examen f\u00edsico y entrevista confidencial para evaluar tu estado de salud.<\/li>\n<li>&#8211; Una vez seleccionado, te recostaran en un sill\u00f3n y un profesional te extraer\u00e1 la sangre. Es importante que est\u00e9s tranquilo y relajado. Este procedimiento durar\u00e1 s\u00f3lo unos 15 minutos.<\/li>\n<li>&#8211; Al donar sangre no se contraen enfermedades. Los materiales usados son de uso \u00fanico, est\u00e9riles y desechables.<\/li>\n<\/ul>\n<p>La donaci\u00f3n de sangre de un \u00abvoluntario\u00bb hace la diferencia:<\/p>\n<p>El donante de sangre \u00abvoluntario\u00bb altruista, es una persona que ayuda a cambio de nada, sin saber quien recibir\u00e1 sangre.<br \/>\nEl donante de sangre \u00abvoluntario\u00bb responsable, sabe que se encuentra sano y en \u00f3ptimas condiciones para realizar su donaci\u00f3n.<\/p>\n<p style=\"text-align: center;\"><strong><span style=\"color: #ff0000;\">\u00a1IMPORTANTE!<\/span><\/strong><\/p>\n<p style=\"text-align: left;\">En el Hospital de Linares las donaciones de sangre se realizan de Lunes a Viernes de 08:30 a 12:30 hrs.<\/p>\n<p style=\"text-align: left;\">Para mayor informaci\u00f3n llamar a Unidad de Medicina Transfusional (Ex Banco de Sangre) al (73) 2 566 432<\/p>\n","protected":false},"excerpt":{"rendered":"<p>Para ser donante usted necesita: &#8211; Portar documento de identidad. &#8211; Tener entre 18 y 60 a\u00f1os de edad. (Hasta los 65 a\u00f1os, si has donado en varias oportunidades de tu vida). &#8211; Pesar m\u00e1s [&hellip;]<\/p>\n","protected":false},"author":2,"featured_media":0,"parent":0,"menu_order":0,"comment_status":"open","ping_status":"open","template":"","meta":{"footnotes":""},"class_list":["post-28","page","type-page","status-publish","hentry"],"_links":{"self":[{"href":"https:\/\/www.hospitaldelinares.gob.cl\/index.php?rest_route=\/wp\/v2\/pages\/28","targetHints":{"allow":["GET"]}}],"collection":[{"href":"https:\/\/www.hospitaldelinares.gob.cl\/index.php?rest_route=\/wp\/v2\/pages"}],"about":[{"href":"https:\/\/www.hospitaldelinares.gob.cl\/index.php?rest_route=\/wp\/v2\/types\/page"}],"author":[{"embeddable":true,"href":"https:\/\/www.hospitaldelinares.gob.cl\/index.php?rest_route=\/wp\/v2\/users\/2"}],"replies":[{"embeddable":true,"href":"https:\/\/www.hospitaldelinares.gob.cl\/index.php?rest_route=%2Fwp%2Fv2%2Fcomments&post=28"}],"version-history":[{"count":12,"href":"https:\/\/www.hospitaldelinares.gob.cl\/index.php?rest_route=\/wp\/v2\/pages\/28\/revisions"}],"predecessor-version":[{"id":3517,"href":"https:\/\/www.hospitaldelinares.gob.cl\/index.php?rest_route=\/wp\/v2\/pages\/28\/revisions\/3517"}],"wp:attachment":[{"href":"https:\/\/www.hospitaldelinares.gob.cl\/index.php?rest_route=%2Fwp%2Fv2%2Fmedia&parent=28"}],"curies":[{"name":"wp","href":"https:\/\/api.w.org\/{rel}","templated":true}]}}