{"id":218,"date":"2012-10-19T14:00:03","date_gmt":"2012-10-19T14:00:03","guid":{"rendered":"https:\/\/www.hospitaldelinares.gob.cl\/?page_id=218"},"modified":"2012-10-29T09:00:31","modified_gmt":"2012-10-29T12:00:31","slug":"gestion-centralizada-de-camas","status":"publish","type":"page","link":"https:\/\/www.hospitaldelinares.gob.cl\/?page_id=218","title":{"rendered":"Gesti\u00f3n Centralizada de Camas"},"content":{"rendered":"<p>Las camas del Hospital de Linares se gestionan en forma centralizada y pertenecen a la red Regional y Nacional de Camas. Su uso est\u00e1 dado por la atenci\u00f3n progresiva de pacientes de acuerdo al nivel de manejo y dependencia de cuidados de cada usuario, dividi\u00e9ndose en camas B\u00e1sicas, Intermedias e Intensivas, cuya asignaci\u00f3n es indiferenciada. Esto \u00faltimo significa que cada paciente que requiera hospitalizaci\u00f3n se le asegura una cama de acuerdo a su necesidad y simult\u00e1neamente otro paciente ya compensado se trasladar\u00e1 a una cama m\u00e1s b\u00e1sica.<\/p>\n","protected":false},"excerpt":{"rendered":"<p>Las camas del Hospital de Linares se gestionan en forma centralizada y pertenecen a la red Regional y Nacional de Camas. Su uso est\u00e1 dado por la atenci\u00f3n progresiva de pacientes de acuerdo al nivel [&hellip;]<\/p>\n","protected":false},"author":2,"featured_media":0,"parent":0,"menu_order":0,"comment_status":"open","ping_status":"open","template":"","meta":{"footnotes":""},"class_list":["post-218","page","type-page","status-publish","hentry"],"_links":{"self":[{"href":"https:\/\/www.hospitaldelinares.gob.cl\/index.php?rest_route=\/wp\/v2\/pages\/218","targetHints":{"allow":["GET"]}}],"collection":[{"href":"https:\/\/www.hospitaldelinares.gob.cl\/index.php?rest_route=\/wp\/v2\/pages"}],"about":[{"href":"https:\/\/www.hospitaldelinares.gob.cl\/index.php?rest_route=\/wp\/v2\/types\/page"}],"author":[{"embeddable":true,"href":"https:\/\/www.hospitaldelinares.gob.cl\/index.php?rest_route=\/wp\/v2\/users\/2"}],"replies":[{"embeddable":true,"href":"https:\/\/www.hospitaldelinares.gob.cl\/index.php?rest_route=%2Fwp%2Fv2%2Fcomments&post=218"}],"version-history":[{"count":7,"href":"https:\/\/www.hospitaldelinares.gob.cl\/index.php?rest_route=\/wp\/v2\/pages\/218\/revisions"}],"predecessor-version":[{"id":408,"href":"https:\/\/www.hospitaldelinares.gob.cl\/index.php?rest_route=\/wp\/v2\/pages\/218\/revisions\/408"}],"wp:attachment":[{"href":"https:\/\/www.hospitaldelinares.gob.cl\/index.php?rest_route=%2Fwp%2Fv2%2Fmedia&parent=218"}],"curies":[{"name":"wp","href":"https:\/\/api.w.org\/{rel}","templated":true}]}}

Gestión Centralizada de Camas

<p>Las camas del Hospital de Linares se gestionan en forma centralizada y pertenecen a la red Regional y Nacional de Camas. Su uso está dado por la atención progresiva de pacientes de acuerdo al nivel de manejo y dependencia de cuidados de cada usuario, dividiéndose en camas Básicas, Intermedias e Intensivas, cuya asignación es indiferenciada. Esto último significa que cada paciente que requiera hospitalización se le asegura una cama de acuerdo a su necesidad y simultáneamente otro paciente ya compensado se trasladará a una cama más básica.</p>

<p>Las camas del Hospital de Linares se gestionan en forma centralizada y pertenecen a la red Regional y Nacional de Camas. Su uso está dado por la atención progresiva de pacientes de acuerdo al nivel [&hellip;]</p>
